 w = y - -106. Suppose -20 = -3*p + w. Calculate the remainder when 135 is divided by p.
20
Let a be (-5 - (-583)/55) + (-3)/5. Suppose -2*m + w + 305 = 53, -20 = a*w. What is the remainder when m is divided by 42?
40
Let f = -20 + 21. Suppose 2 - f = -v. Calculate the remainder when 4/(v + -7)*-130 is divided by 34.
31
Let y(p) = p**2 - 23*p + 86. Let h be y(5). Calculate the remainder when (-948)/h - (-78)/(-13) is divided by 42.
21
Suppose -10*w + 42 = -4*w. Suppose -5*m + 4*g - w*g = 337, -g + 69 = -m. Let q = -52 - m. Calculate the remainder when 63 is divided by q.
15
Let u = 7 - 1. Suppose -309 = -5*w + u. Let q(g) = 194*g - 21911. Calculate the remainder when w is divided by q(113).
8
Suppose 8*h = 13*h + 4*j - 122, h - 6*j = 4. What is the remainder when 301 is divided by h?
15
Suppose -49*a + 38426 - 10817 + 90824 = 0. Calculate the remainder when a is divided by 97.
89
Suppose 5*n + 15 = -5*g - 0, n + 2 = -2*g. Let d = -12 + g. Let r = d - -57. Calculate the remainder when r is divided by 25.
21
Suppose 13*j = b + 9*j - 189, -945 = -5*b - 2*j. What is the remainder when b is divided by 83?
23
Suppose 4*z + o - 47 = 0, 3*z + 4*o - 34 = 11. What is the remainder when 16168 is divided by z?
9
Suppose -409 + 93 = -4*p. Let w = -17622 - -17634. What is the remainder when p is divided by w?
7
Let s = 712 - 623. Suppose -4*g + 43 = -4*k - s, 3*g = 4*k + 101. What is the remainder when g is divided by 19?
12
Let x = 11287 + -11230. What is the remainder when 80 is divided by x?
23
Let p(c) = 146*c + 108. Calculate the remainder when p(6) is divided by 52.
48
Suppose 209 + 103 = 4*j - r, 181 = 3*j - 14*r. Calculate the remainder when 3080 is divided by j.
78
Let h(f) = 83*f - 42. Let b be h(9). Let c = b + -597. What is the remainder when c is divided by 57?
51
Suppose 33*p - 16878 = -56*p + 5728. What is the remainder when 536 is divided by p?
28
Let i(g) = g**3 + 7*g**2 + 3*g - 7. Let l = -699 + 1129. Let b = l - 411. What is the remainder when b is divided by i(-6)?
8
Let j(s) = -11*s - 72. Let k be j(-7). Calculate the remainder when 99 is divided by (-5 - (k - 39)) + (-1)/1.
15
Let y be 0 + 16/4 - -1. Suppose g - y - 2 = 0. Suppose -3*x - 16 + 0 = 5*i, 0 = 3*x - 4*i - 29. What is the remainder when g is divided by x?
1
Suppose 5*l - 80 = 5. Let z(c) = -2*c**2 + 28*c + 4. Suppose 0 + 7 = j - 3*x, 2*j - 30 = -2*x. What is the remainder when z(j) is divided by l?
13
Suppose 43*m - 45*m - b = -538, -809 = -3*m - b. What is the remainder when m is divided by 87?
10
What is the remainder when 1055 is divided by (-14 - -13)/((-1)/10)?
5
Suppose -2*v - 2*h + 1 = h, -5 = -4*v - 5*h. Let i(o) = 5*o + 161. Let l = 258 + -284. Calculate the remainder when i(l) is divided by v.
1
Let i = -36 + 40. Let r(q) = 0*q - 6*q**2 + 10*q + 2*q + 5 - q**3 + i*q. What is the remainder when 10 is divided by r(-8)?
0
Let r(g) = -5*g**3 - 4*g**2 + 6*g + 6. Let u be r(4). Let j = -6 + 24. What is the remainder when 5/10 + u/(-4) is divided by j?
17
Let c(u) = u**2 + u. Let s(w) = 2*w**2 + 2*w + 21. Let p(t) = -3*c(t) + s(t). Calculate the remainder when (6 + -8)/(((-4)/(-164) - 0)*-1) is divided by p(0).
19
Suppose -45 + 3 = -2*w - u, 5*w - 108 = -u. Suppose 0 = 3*n + 4*f - 141, -f + 5*f - 98 = -2*n. Calculate the remainder when n is divided by w.
21
Suppose -86*g = 3*d - 91*g - 4316, 3*d + g - 4364 = 0. Calculate the remainder when d is divided by 54.
48
Suppose 2*o = -2*u + 22, u + 13 + 1 = 4*o. Suppose 6*y - 360 = -u*y. Calculate the remainder when y is divided by 0 - (-2 + -6)/1.
6
Suppose 2*r + 3*i - 8 = 0, i - 14 - 6 = -5*r. Suppose 216 = 5*t - 2*d, 3*t + r*d - 79 = 61. What is the remainder when ((-747)/6)/(18/(-12)) is divided by t?
39
Suppose -2 = -3*d + d. Suppose -d = -2*i + 3. Suppose -s + i*w + 107 = -2*w, -5*w = -3*s + 286. Calculate the remainder when s is divided by 22.
21
Let p = -95 + 98. Suppose 29 = 4*v + k, p*v - 23 - 5 = -2*k. Suppose -120 = -v*t - 2*t. What is the remainder when 56 is divided by t?
11
Let u(y) = -3*y + 83. Let r = -34 + 56. Suppose 43 - 10 = w. What is the remainder when w is divided by u(r)?
16
Let j = -675 + 691. Suppose 0 = -j*t + 1278 - 238. Calculate the remainder when 189 is divided by t.
59
Let n(v) = -2*v**2 - 40*v + 334. Let f be n(-22). Let b = -8 - -14. Suppose -f = -b*k - 0. Calculate the remainder when k is divided by 15.
11
Let p(d) = -164*d - 273. Calculate the remainder when p(-13) is divided by 93.
92
Let f be (-6*(-6)/(-4))/(33/22). Let d(z) = z**3 + 6*z**2 - 8*z - 7. What is the remainder when 135 is divided by d(f)?
12
Calculate the remainder when -35085*-3*(15/30)/(5/2) is divided by 87.
84
Let a(l) = 195*l + 3588. Calculate the remainder when a(-10) is divided by 1629.
9
Let c(y) be the first derivative of -y**3/3 + 16*y**2 - 53*y - 39. Calculate the remainder when c(23) is divided by 52.
50
Suppose -1233 = 12*k + 171. Let t = k + 238. What is the remainder when t is divided by 23?
6
Let a = 7317 - -7583. Calculate the remainder when a is divided by 81.
77
Suppose -4*i = -12, -2*z - 2*i + 59 + 233 = 0. Suppose z = -8*x + 9*x. What is the remainder when x is divided by 29?
27
Let u(a) = a**2 - 32*a + 103. What is the remainder when 715 is divided by u(0)?
97
Let x(i) be the second derivative of -i**4/12 + i**3/6 + 69*i**2/2 - i + 9. What is the remainder when 51 is divided by x(8)?
12
Suppose 349*w = 348*w, 1709 = u + w. What is the remainder when u is divided by 13?
6
Suppose -4*s = -3*i + 5*i - 300, 2*s - 4*i = 130. Calculate the remainder when s is divided by 32.
9
Let x = 11 - 4. Let u(o) = -o**2 + 7*o + 1. Let i be u(x). Suppose 8 = 3*p + 4*a, -p - 5*a = -0*p + i. What is the remainder when 9 is divided by p?
1
Suppose 5*s + 1263 - 47 = 3*p, -s = -7. What is the remainder when 5009 is divided by p?
5
Let r(t) = 39*t + 479. Suppose -g + 2*b = 5, 3*g = -2*b - 12 - 27. Calculate the remainder when 186 is divided by r(g).
36
Let g(w) = w**2 + 84*w + 1067. What is the remainder when 779 is divided by g(-14)?
83
Suppose 0 = -f - 2*h + 4709, -5*h - 1947 = -3*f + 12147. What is the remainder when f is divided by 112?
111
Let j be (-2)/10 - (784/(-20) + 9). Calculate the remainder when 1264/j + 16/(-120) is divided by 12.
6
Calculate the remainder when 4478 is divided by (-31 - 702/(-24)) + 87/4.
18
Let x(q) = -15*q - 4. Let a be x(-1). Suppose 0 = 5*n - 5, -16*p - 3*n = -a*p - 368. What is the remainder when 214 is divided by p?
68
Suppose 42 = 3*w - 2*q, -71 = -5*w - 14*q + 17*q. Suppose -624 = 4*y - w*y. Calculate the remainder when 181 is divided by y.
25
Suppose 5*z - 316 = -3*g + 93, g = z - 85. Suppose -6*m + z = -1. What is the remainder when 96 is divided by m?
12
Calculate the remainder when 4817 is divided by (39/65*160/112)/(1/70).
17
Let t(k) = 20*k**2 + k + 99. What is the remainder when 204 is divided by t(0)?
6
Suppose 36*d - 34*d - 382 = 0. Calculate the remainder when d is divided by 58.
17
Let l(r) = r**2 - r + 2. Let q = 62 - 62. Let t be l(q). Suppose -3*j - 3*k = -66, 2*k = -3*j - t*j + 95. Calculate the remainder when 27 is divided by j.
10
Let w be (1998/72 - (-3)/(-4))*18. Let q = 592 - w. Suppose -2*i = 2*i - 216. Calculate the remainder when q is divided by i.
52
Suppose -3*g = -2*g - 6. Let z(b) = 10*b - 20. What is the remainder when 3 - 8/4 - -76 is divided by z(g)?
37
Let i = 14981 + -14892. Calculate the remainder when 441 is divided by i.
85
Suppose 5*q - 18*q = 0. Suppose -21*c - 49 + 553 = q. What is the remainder when 40 is divided by c?
16
Suppose -80 = 16*m + 80. Calculate the remainder when 143 is divided by (-1)/(25/(-905)) - 8/m.
32
Let s = -89 + 96. Suppose -s*y + 32 = -3*y. Suppose -4*m = -y - 56. What is the remainder when 61 is divided by m?
13
Calculate the remainder when 476 is divided by (-4)/((-2)/14 + (-636)/(-5628)) - -3.
65
Suppose 8*s + 12*s - 40 = 0. Suppose p - 126 = -s*t, -3*t - 4*p - 134 = -328. What is the remainder when 121 is divided by t?
59
What is the remainder when 164 - (-9)/((-99)/176) is divided by 404/8 - (-2)/4?
46
Let g = -4883 - -4944. Calculate the remainder when 428 is divided by g.
1
Let b(t) = 3*t - 7. Let s be b(-5). Let u(i) = -i**2 - 36*i - 139. What is the remainder when u(-8) is divided by (-3)/(-1)*s/(-3)?
19
Suppose 4*q - 1